digit of 33825?
3
What is the hundreds digit of 1156?
1
What is the thousands digit of 1264?
1
What is the tens digit of 670?
7
What is the tens digit of 784?
8
What is the hundreds digit of 103076?
0
What is the tens digit of 1253?
5
What is the hundreds digit of 197?
1
What is the units digit of 16142?
2
What is the ten thousands digit of 24430?
2
What is the hundreds digit of 1853?
8
What is the tens digit of 21421?
2
What is the hundreds digit of 2350?
3
What is the thousands digit of 71176?
1
What is the units digit of 3644?
4
What is the tens digit of 37085?
8
What is the tens digit of 2979?
7
What is the tens digit of 8730?
3
What is the units digit of 39631?
1
What is the hundreds digit of 4431?
4
What is the thousands digit of 31792?
1
What is the thousands digit of 6535?
6
What is the tens digit of 1193?
9
What is the tens digit of 86292?
9
What is the thousands digit of 9232?
9
What is the ten thousands digit of 30218?
3
What is the units digit of 4681?
1
What is the hundreds digit of 35177?
1
What is the tens digit of 3925?
2
What is the hundreds digit of 68236?
2
What is the thousands digit of 34161?
4
What is the ten thousands digit of 35133?
3
What is the hundreds digit of 73806?
8
What is the hundreds digit of 2510?
5
What is the thousands digit of 1085?
1
What is the units digit of 7846?
6
What is the units digit of 924?
4
What is the hundreds digit of 24870?
8
What is the hundreds digit of 131284?
2
What is the hundreds digit of 4849?
8
What is the units digit of 755?
5
What is the units digit of 33695?
5
What is the units digit of 8184?
4
What is the units digit of 8?
8
What is the thousands digit of 30205?
0
What is the thousands digit of 7435?
7
What is the hundreds digit of 20163?
1
What is the thousands digit of 1732?
1
What is the units digit of 15804?
4
What is the tens digit of 54?
5
What is the tens digit of 33028?
2
What is the units digit of 2416?
6
What is the hundreds digit of 88924?
9
What is the units digit of 746?
6
What is the units digit of 30876?
6
What is the tens digit of 14430?
3
What is the hundreds digit of 8416?
4
What is the tens digit of 45716?
1
What is the units digit of 27007?
7
What is the units digit of 40?
0
What is the hundreds digit of 15351?
3
What is the thousands digit of 5941?
5
What is the units digit of 2457?
7
What is the hundreds digit of 384?
3
What is the hundreds digit of 11679?
6
What is the thousands digit of 1184?
1
What is the hundreds digit of 10415?
4
What is the thousands digit of 1063?
1
What is the thousands digit of 1143?
1
What is the hundreds digit of 3422?
4
What is the units digit of 8454?
4
What is the ten thousands digit of 20134?
2
What is the tens digit of 46164?
6
What is the units digit of 156?
6
What is the tens digit of 775?
7
What is the units digit of 1575?
5
What is the ten thousands digit of 21562?
2
What is the tens digit of 34159?
5
What is the hundreds digit of 22407?
4
What is the units digit of 23603?
3
What is the hundreds digit of 5883?
8
What is the tens digit of 5196?
9
What is the ten thousands digit of 10730?
1
What is the tens digit of 22957?
5
What is the hundreds digit of 41777?
7
What is the thousands digit of 1928?
1
What is the units digit of 77972?
2
What is the hundreds digit of 7560?
5
What is the hundreds digit of 6986?
9
What is the thousands digit of 17882?
7
What is the thousands digit of 8954?
8
What is the hundreds digit of 2990?
9
What is the hundreds digit of 38033?
0
What is the hundreds digit of 3252?
2
What is the hundred thousands digit of 109194?
1
What is the hundreds digit of 4899?
8
What is the tens digit of 35837?
3
What is the thousands digit of 4108?
4
What is the thousands digit of 8183?
8
What is the thousands digit of 111865?
1
What is the units digit of 438?
8
What is the tens digit of 22877?
7
What is the units digit of 20278?
8
What is the tens digit of 771?
7
What is the tens digit of 6688?
8
What is the units digit of 3554?
4
What is the hundreds digit of 43600?
6
What is the thousands digit of 1734?
1
What is the hundreds digit of 4563?
5
What is the units digit of 252?
2
What is the tens digit of 1158?
5
What is the thousands digit of 35458?
5
What is the units digit of 14942?
2
What is the ten thousands digit of 19212?
1
What is the tens digit of 33628?
2
What is the units digit of 2663?
3
What is the units digit of 349?
9
What is the tens digit of 1771?
7
What is the hundreds digit of 64119?
1
What is the units digit of 8638?
8
What is the units digit of 179?
9
What is the units digit of 31489?
9
What is the units digit of 350?
0
What is the thousands digit of 1068?
1
What is the hundreds digit of 119?
1
What is the tens digit of 251?
5
What is the tens digit of 23834?
3
What is the tens digit of 598?
9
What is the tens digit of 16772?
7
What is the ten thousands digit of 12534?
1
What is the hundreds digit of 3681?
6
What is the units digit of 1775?
5
What is the tens digit of 69795?
9
What is the units digit of 4255?
5
What is the units digit of 2342?
2
What is the units digit of 75480?
0
What is the units digit of 1754?
4
What is the units digit of 5488?
8
What is the tens digit of 78366?
6
What is the ten thousands digit of 63806?
6
What is the ten thousands digit of 17849?
1
What is the hundreds digit of 139199?
1
What is the tens digit of 10026?
2
What is the thousands digit of 12166?
2
What is the tens digit of 8539?
3
What is the units digit of 8508?
8
What is the units digit of 2909?
9
What is the units digit of 9048?
8
What is the ten thousands digit of 10645?
1
What is the units digit of 10777?
7
What is the units digit of 883?
3
What is the units digit of 674?
4
What is the units digit of 1818?
8
What is the hundreds digit of 3567?
5
What is the units digit of 10104?
4
What is the thousands digit of 101126?
1
What is the thousands digit of 4825?
4
What is the thousands digit of 11744?
1
What is the tens digit of 16259?
5
What is the ten thousands digit of 77088?
7
What is the thousands digit of 7740?
7
What is the thousands digit of 9102?
9
What is the hundreds digit of 14967?
9
What is the tens digit of 2026?
2
What is the thousands digit of 6286?
6
What is the thousands digit of 2195?
2
What is the tens digit of 5511?
1
What is the units digit of 645?
5
What is the units digit of 565?
5
What is the tens digit of 8967?
6
What is the units digit of 925?
5
What is the thousands digit of 16815?
6
What is the tens digit of 1637?
3
What is the thousands digit of 4448?
4
What is the units digit of 335?
5
What is the units digit of 1395?
5
What is the hundreds digit of 142?
1
What is the hundreds digit of 3662?
6
What is the hundreds digit of 3301?
3
What is the thousands digit of 4454?
4
What is the hundreds digit of 24730?
7
What is the hundreds digit of 2174?
1
What is the thousands digit of 3468?
3
What is the tens digit of 1349?
4
What is the hundreds digit of 9143?
1
What is the thousands digit of 54345?
4
What is the tens digit of 3099?
9
What is the tens digit of 311?
1
What is the hundreds digit of 4301?
3
What is the units digit of 1672?
2
What is the ten thousands digit of 64377?
6
What is the units digit of 129?
9
What is the ten thousands digit of 209889?
0
What is the ten thousands digit of 42543?
4
What is the hundreds digit of 129008?
0
What is the units digit of 10648?
8
What is the tens digit of 836?
3
What is the hundreds digit of 562?
5
What is the units digit of 7445?
5
What is the tens digit of 2512?
1
What is the ten thousands digit of 20393?
2
What is the units digit of 69168?
8
What is the thousands digit of 10562?
0
What is the tens digit of 14962?
6
What is the thousands digit of 64828?
4
What is the tens digit of 20273?
7
What is the hundreds digit of 50184?
1
What is the tens digit of 632?
3
What is the units digit of 4719?
9
What is the hundreds digit of 1232?
2
What is the units digit of 526?
6
What is the tens digit of 44413?
1
What is the hundreds digit of 78036?
0
What is the thousands digit of 67643?
7
What is the hundreds digit of 941?
9
What is the hundreds digit of 20824?
8
What is the tens digit of 31?
3
What is the units digit of 23588?
8
What is the hundreds digit of 6233?
2
What is the units digit of 685?
5
What is the tens digit of 1900?
0
What is the 